{"id":127484,"date":"2026-09-01T12:34:45","date_gmt":"2026-09-01T16:34:45","guid":{"rendered":"https:\/\/queerchamber.ca\/fr\/?page_id=127484"},"modified":"2026-09-01T13:21:27","modified_gmt":"2026-09-01T17:21:27","slug":"prix-de-leadership-dentreprise-2026","status":"publish","type":"page","link":"https:\/\/queerchamber.ca\/fr\/prix-de-leadership-dentreprise-2026\/","title":{"rendered":"Prix du leadership en affaires 2026"},"content":{"rendered":"\n<h3 class=\"wp-block-heading\"><strong>Les nominations pour les <\/strong><a href=\"https:\/\/applications.queerchamber.ca\/?_gl=1*14zzuti*_gcl_au*MTIwMzQ0MDE4Ni4xNzg2MzkwNTY1Li0uLS4xNzg2MzkwNTY1LjU1ODAwOTU5MS4xNzg4MTk0OTI1LjE3ODgxOTQ5MjU.\">2026 prix du leadership en affaires de la CQCC<\/a><strong> sont ouvertes.<\/strong><\/h3>\n\n\n\n<div class=\"wp-block-group alignwide has-global-padding is-layout-constrained wp-block-group-is-layout-constrained\">\n<div class=\"wp-block-columns is-layout-flex wp-container-core-columns-is-layout-7387b849 wp-block-columns-is-layout-flex\">\n<div class=\"wp-block-column is-layout-flow wp-block-column-is-layout-flow\">\n<div style=\"height:34px\" aria-hidden=\"true\" class=\"wp-block-spacer\"><\/div>\n\n\n\n<figure class=\"wp-block-image size-full\" style=\"margin-top:0;margin-bottom:0\"><img decoding=\"async\" src=\"https:\/\/queerchamber.ca\/wp-content\/uploads\/sites\/2\/2026\/08\/Gala-2026-Awards-Nominations.png\" alt=\"\" class=\"wp-image-67548\" \/><\/figure>\n<\/div>\n\n\n\n<div class=\"wp-block-column is-layout-flow wp-block-column-is-layout-flow\">\n<p class=\"wp-block-paragraph\">Ces prix rev\u00eatent une grande importance car <strong>ils c\u00e9l\u00e8brent des personnes et des entreprises remarquables qui ont jou\u00e9 un r\u00f4le particulier dans la stimulation de la croissance \u00e9conomique au sein de la communaut\u00e9 2ELGBTQI+ au Canada<\/strong>. Ils rendent hommage \u00e0 ceux et celles qui ont cr\u00e9\u00e9 un changement positif et favoris\u00e9 un environnement d\u2019affaires florissant.<\/p>\n\n\n\n<p class=\"wp-block-paragraph\">La <strong>date limite pour les candidatures est le 14 octobre 2026<\/strong>.<\/p>\n\n\n\n<p class=\"wp-block-paragraph\">Les finalistes seront s\u00e9lectionn\u00e9.e.s d\u00e8s le 21 octobre 2026 et seront invit\u00e9.e.s au 11e gala annuel de la CCQC le 13 novembre 2026, o\u00f9 les laur\u00e9at.e.s seront annonc\u00e9.e.s !<\/p>\n<\/div>\n<\/div>\n\n\n\n<div style=\"height:16px\" aria-hidden=\"true\" class=\"wp-block-spacer\"><\/div>\n\n\n\n<h3 class=\"wp-block-heading\">Les informations pour chaque cat\u00e9gorie de prix sont disponibles ci-dessous.<br><strong><em>(uniquement en Anglais)<\/em><\/strong><\/h3>\n<\/div>\n\n\n<div class=\"accordion-stack\" >\n\n\t\t\t\t\t\t\t\t\t\t\t\t\t\t\n            \n            <div class=\"accordion-details accordion-item-1\" data-open=\"false\" >\n                <div class=\"accordion-summary\" id=\"summary-accordion-item-1\" aria-controls=\"content-accordion-item-1\" aria-expanded=\"false\" tabindex=\"0\">\n                    <div class=\"accordion-title\" >2026 Business Leader of the Year <\/div>\n                    <div class=\"accordion-toggle\"><\/div>\n                <\/div><!-- .accordion-summary -->\n                <div class=\"accordion-content\" id=\"content-accordion-item-1\" aria-labelledby=\"summary-accordion-item-1\" >\n                    <div >\n\t\t\t\t\t\t<p>The Business Leader Award celebrates individuals who have demonstrated exceptional leadership and advocacy within the 2SLGBTQI+ business community in Canada. This award recognizes individuals who have made significant contributions through their business endeavors aimed at fostering greater inclusion and representation for 2SLGBTQI+ businesses and entrepreneurs.<\/p>\n                    <\/div>\n\n                                    <\/div><!-- .accordion-content -->\n            <\/div><!-- .accordion-details -->\n\n\t\t\t\t\t\t\t\t\t\t\t\t\t\t\n            \n            <div class=\"accordion-details accordion-item-2\" data-open=\"false\" >\n                <div class=\"accordion-summary\" id=\"summary-accordion-item-2\" aria-controls=\"content-accordion-item-2\" aria-expanded=\"false\" tabindex=\"0\">\n                    <div class=\"accordion-title\" >2026 Corporation of the Year <\/div>\n                    <div class=\"accordion-toggle\"><\/div>\n                <\/div><!-- .accordion-summary -->\n                <div class=\"accordion-content\" id=\"content-accordion-item-2\" aria-labelledby=\"summary-accordion-item-2\" >\n                    <div >\n\t\t\t\t\t\t<p>This award acknowledges a corporation that is a leader in Canada that enhances 2SLGBTQI+ Business and supports the 2SLGBTQI+ community through commitment, activities and visibility. Winners of this award exemplify excellence and are anchors of the Canadian business ecosystem.<\/p>\n                    <\/div>\n\n                                    <\/div><!-- .accordion-content -->\n            <\/div><!-- .accordion-details -->\n\n\t\t\t\t\t\t\t\t\t\t\t\t\t\t\n            \n            <div class=\"accordion-details accordion-item-3\" data-open=\"false\" >\n                <div class=\"accordion-summary\" id=\"summary-accordion-item-3\" aria-controls=\"content-accordion-item-3\" aria-expanded=\"false\" tabindex=\"0\">\n                    <div class=\"accordion-title\" >2026 2SLGBTQI+ Business of the Year <\/div>\n                    <div class=\"accordion-toggle\"><\/div>\n                <\/div><!-- .accordion-summary -->\n                <div class=\"accordion-content\" id=\"content-accordion-item-3\" aria-labelledby=\"summary-accordion-item-3\" >\n                    <div >\n\t\t\t\t\t\t<p>This award celebrates a business that is owned, operated and controlled, by a 2SLGBTQI+ individual(s) that has made a significant economic impact on the local\/regional\/national community, while making contributions to the 2SLGBTQI+ community in Canada.<\/p>\n                    <\/div>\n\n                                    <\/div><!-- .accordion-content -->\n            <\/div><!-- .accordion-details -->\n\n\t\t\t\t\t\t\t\t\t\t\t\t\t\t\n            \n            <div class=\"accordion-details accordion-item-4\" data-open=\"false\" >\n                <div class=\"accordion-summary\" id=\"summary-accordion-item-4\" aria-controls=\"content-accordion-item-4\" aria-expanded=\"false\" tabindex=\"0\">\n                    <div class=\"accordion-title\" >2026 Young 2SLGBTQI+ Entrepreneur of the Year <\/div>\n                    <div class=\"accordion-toggle\"><\/div>\n                <\/div><!-- .accordion-summary -->\n                <div class=\"accordion-content\" id=\"content-accordion-item-4\" aria-labelledby=\"summary-accordion-item-4\" >\n                    <div >\n\t\t\t\t\t\t<p>This award recognizes outstanding achievement by a 2SLGBTQI+ young entrepreneur. The award is given to an individual who best exemplifies the qualities of effective leadership and innovative thinking, demonstrates growth potential, shows a high level of social, cultural, and environmental awareness, and has demonstrated commitment to both the 2SLGBTQI+ community and beyond.<\/p>\n                    <\/div>\n\n                                    <\/div><!-- .accordion-content -->\n            <\/div><!-- .accordion-details -->\n\n\t\t\t\t\t\t\t\t\t\t\t\t\t\t\n            \n            <div class=\"accordion-details accordion-item-5\" data-open=\"false\" >\n                <div class=\"accordion-summary\" id=\"summary-accordion-item-5\" aria-controls=\"content-accordion-item-5\" aria-expanded=\"false\" tabindex=\"0\">\n                    <div class=\"accordion-title\" >2026 2SLGBTQI+  Community Impact Award  <\/div>\n                    <div class=\"accordion-toggle\"><\/div>\n                <\/div><!-- .accordion-summary -->\n                <div class=\"accordion-content\" id=\"content-accordion-item-5\" aria-labelledby=\"summary-accordion-item-5\" >\n                    <div >\n\t\t\t\t\t\t<p>The 2SLGBTQI+ Community Impact Award celebrates outstanding contributions by an individual, organization, or business that has made a significant and positive impact on the 2SLGBTQI+ community. This award recognizes efforts in promoting inclusivity, advocating for the community, and enhancing the well-being of 2SLGBTQI+ individuals through innovative programs, policies, and\/or initiatives.<\/p>\n                    <\/div>\n\n                                    <\/div><!-- .accordion-content -->\n            <\/div><!-- .accordion-details -->\n\n\t\t\t\t\t\t\t\t\t\t\t\t\t\t\n            \n            <div class=\"accordion-details accordion-item-6\" data-open=\"false\" >\n                <div class=\"accordion-summary\" id=\"summary-accordion-item-6\" aria-controls=\"content-accordion-item-6\" aria-expanded=\"false\" tabindex=\"0\">\n                    <div class=\"accordion-title\" >2026 CQCC Rainbow Registered Prism Award <\/div>\n                    <div class=\"accordion-toggle\"><\/div>\n                <\/div><!-- .accordion-summary -->\n                <div class=\"accordion-content\" id=\"content-accordion-item-6\" aria-labelledby=\"summary-accordion-item-6\" >\n                    <div >\n\t\t\t\t\t\t<p>This award recognizes a\u202fRainbow Registered organization\u202fthat has demonstrated outstanding commitment to creating welcoming and inclusive environments for 2SLGBTQI+ individuals. The recipient has shown leadership in embedding diversity, equity, and inclusion into their workplace culture, client experience, community engagement, and operational practices. This organization goes beyond compliance, becoming a visible champion of 2SLGBTQI+ inclusion within their industry and community.<\/p>\n                    <\/div>\n\n                                    <\/div><!-- .accordion-content -->\n            <\/div><!-- .accordion-details -->\n\n\t\t\t\t\t\t\n<\/div><!-- .accordion-stack -->\n\n\n\n<p class=\"wp-block-paragraph\">Si vous avez des questions ou des commentaires concernant les prix, veuillez contacter <a href=\"mailto:office@queerchamber.ca\" target=\"_blank\" rel=\"noreferrer noopener\">office@queerchamber.ca<\/a>.<\/p>\n\n\n\n<p class=\"wp-block-paragraph\">Les pr\u00e9c\u00e9dents laur\u00e9at.e.s de nos Prix se trouvent sur notre <a href=\"https:\/\/queerchamber.ca\/business-leadership-wall-of-fame\/\">Mur de la renomm\u00e9e du leadership d\u2019entreprise<\/a>.<\/p>\n\n\n\n<div style=\"height:100px\" aria-hidden=\"true\" class=\"wp-block-spacer\"><\/div>\n\n\n\n<p class=\"wp-block-paragraph\"><\/p>\n","protected":false},"excerpt":{"rendered":"<p>Les nominations pour les CQCC 2SLGBTQI+ Business Leadership Awards 2026 sont ouvertes. Ces prix rev\u00eatent une grande importance car ils c\u00e9l\u00e8brent des personnes et des entreprises exceptionnelles ayant jou\u00e9 un r\u00f4le particulier dans la croissance \u00e9conomique au sein de la communaut\u00e9 2SLGBTQI+ au Canada. Ils honorent ceux qui ont cr\u00e9\u00e9 des changements positifs et favoris\u00e9 un environnement d\u2019affaires florissant. La date limite de nomination est le 14 octobre 2026. Les finalistes seront s\u00e9lectionn\u00e9s d\u2019ici le 21 octobre 2026 et seront invit\u00e9s au 11e gala annuel noir et blanc de la CQCC le 13 novembre 2026, o\u00f9 les gagnants seront annonc\u00e9s ! Les informations pour chaque cat\u00e9gorie de prix sont disponibles ci-dessous. [&amp;hellip;]<\/p>\n","protected":false},"author":4024,"featured_media":0,"parent":0,"menu_order":0,"comment_status":"closed","ping_status":"closed","template":"","meta":{"_acf_changed":false,"_tec_requires_first_save":true,"_trash_the_other_posts":false,"advanced_seo_description":"","jetpack_seo_html_title":"","jetpack_seo_noindex":false,"jetpack_seo_schema_type":"","_EventAllDay":false,"_EventTimezone":"","_EventStartDate":"","_EventEndDate":"","_EventStartDateUTC":"","_EventEndDateUTC":"","_EventShowMap":false,"_EventShowMapLink":false,"_EventURL":"","_EventCost":"","_EventCostDescription":"","_EventCurrencySymbol":"","_EventCurrencyCode":"","_EventCurrencyPosition":"","_EventDateTimeSeparator":"","_EventTimeRangeSeparator":"","_EventOrganizerID":[],"_EventVenueID":[],"_OrganizerEmail":"","_OrganizerPhone":"","_OrganizerWebsite":"","_VenueAddress":"","_VenueCity":"","_VenueCountry":"","_VenueProvince":"","_VenueState":"","_VenueZip":"","_VenuePhone":"","_VenueURL":"","_VenueStateProvince":"","_VenueLat":"","_VenueLng":"","_VenueShowMap":false,"_VenueShowMapLink":false,"_price":"","_stock":"","_tribe_ticket_header":"","_tribe_default_ticket_provider":"","_tribe_ticket_capacity":"0","_ticket_start_date":"","_ticket_end_date":"","_tribe_ticket_show_description":"","_tribe_ticket_show_not_going":false,"_tribe_ticket_use_global_stock":"","_tribe_ticket_global_stock_level":"","_global_stock_mode":"","_global_stock_cap":"","_tribe_rsvp_for_event":"","_tribe_ticket_going_count":"","_tribe_ticket_not_going_count":"","_tribe_tickets_list":"[]","_tribe_ticket_has_attendee_info_fields":false,"_tribe_blocks_recurrence_rules":"","_tribe_blocks_recurrence_description":"","_tribe_blocks_recurrence_exclusions":"","editor_notices":[],"footnotes":"","_tec_slr_enabled":"","_tec_slr_layout":""},"class_list":["post-127484","page","type-page","status-publish","hentry"],"acf":[],"jetpack_sharing_enabled":true,"ticketed":false,"_links":{"self":[{"href":"https:\/\/queerchamber.ca\/fr\/wp-json\/wp\/v2\/pages\/127484","targetHints":{"allow":["GET"]}}],"collection":[{"href":"https:\/\/queerchamber.ca\/fr\/wp-json\/wp\/v2\/pages"}],"about":[{"href":"https:\/\/queerchamber.ca\/fr\/wp-json\/wp\/v2\/types\/page"}],"author":[{"embeddable":true,"href":"https:\/\/queerchamber.ca\/fr\/wp-json\/wp\/v2\/users\/4024"}],"replies":[{"embeddable":true,"href":"https:\/\/queerchamber.ca\/fr\/wp-json\/wp\/v2\/comments?post=127484"}],"version-history":[{"count":2,"href":"https:\/\/queerchamber.ca\/fr\/wp-json\/wp\/v2\/pages\/127484\/revisions"}],"predecessor-version":[{"id":127488,"href":"https:\/\/queerchamber.ca\/fr\/wp-json\/wp\/v2\/pages\/127484\/revisions\/127488"}],"wp:attachment":[{"href":"https:\/\/queerchamber.ca\/fr\/wp-json\/wp\/v2\/media?parent=127484"}],"curies":[{"name":"wp","href":"https:\/\/api.w.org\/{rel}","templated":true}]}}

<h3 class="wp-block-heading"><strong>Les nominations pour les </strong><a href="https://applications.queerchamber.ca/?_gl=1*14zzuti*_gcl_au*MTIwMzQ0MDE4Ni4xNzg2MzkwNTY1Li0uLS4xNzg2MzkwNTY1LjU1ODAwOTU5MS4xNzg4MTk0OTI1LjE3ODgxOTQ5MjU.">2026 prix du leadership en affaires de la CQCC</a><strong> sont ouvertes.</strong></h3>



<div class="wp-block-group alignwide has-global-padding is-layout-constrained wp-block-group-is-layout-constrained">
<div class="wp-block-columns is-layout-flex wp-container-core-columns-is-layout-7387b849 wp-block-columns-is-layout-flex">
<div class="wp-block-column is-layout-flow wp-block-column-is-layout-flow">
<div style="height:34px" aria-hidden="true" class="wp-block-spacer"></div>



<figure class="wp-block-image size-full" style="margin-top:0;margin-bottom:0"><img decoding="async" src="https://queerchamber.ca/wp-content/uploads/sites/2/2026/08/Gala-2026-Awards-Nominations.png" alt="" class="wp-image-67548" /></figure>
</div>



<div class="wp-block-column is-layout-flow wp-block-column-is-layout-flow">
<p class="wp-block-paragraph">Ces prix revêtent une grande importance car <strong>ils célèbrent des personnes et des entreprises remarquables qui ont joué un rôle particulier dans la stimulation de la croissance économique au sein de la communauté 2ELGBTQI+ au Canada</strong>. Ils rendent hommage à ceux et celles qui ont créé un changement positif et favorisé un environnement d’affaires florissant.</p>



<p class="wp-block-paragraph">La <strong>date limite pour les candidatures est le 14 octobre 2026</strong>.</p>



<p class="wp-block-paragraph">Les finalistes seront sélectionné.e.s dès le 21 octobre 2026 et seront invité.e.s au 11e gala annuel de la CCQC le 13 novembre 2026, où les lauréat.e.s seront annoncé.e.s !</p>
</div>
</div>



<div style="height:16px" aria-hidden="true" class="wp-block-spacer"></div>



<h3 class="wp-block-heading">Les informations pour chaque catégorie de prix sont disponibles ci-dessous.<br><strong><em>(uniquement en Anglais)</em></strong></h3>
</div>


<div class="accordion-stack" >

														
            
            <div class="accordion-details accordion-item-1" data-open="false" >
                <div class="accordion-summary" id="summary-accordion-item-1" aria-controls="content-accordion-item-1" aria-expanded="false" tabindex="0">
                    <div class="accordion-title" >2026 Business Leader of the Year </div>
                    <div class="accordion-toggle"></div>
                </div><!-- .accordion-summary -->
                <div class="accordion-content" id="content-accordion-item-1" aria-labelledby="summary-accordion-item-1" >
                    <div >
						<p>The Business Leader Award celebrates individuals who have demonstrated exceptional leadership and advocacy within the 2SLGBTQI+ business community in Canada. This award recognizes individuals who have made significant contributions through their business endeavors aimed at fostering greater inclusion and representation for 2SLGBTQI+ businesses and entrepreneurs.</p>
                    </div>

                                    </div><!-- .accordion-content -->
            </div><!-- .accordion-details -->

														
            
            <div class="accordion-details accordion-item-2" data-open="false" >
                <div class="accordion-summary" id="summary-accordion-item-2" aria-controls="content-accordion-item-2" aria-expanded="false" tabindex="0">
                    <div class="accordion-title" >2026 Corporation of the Year </div>
                    <div class="accordion-toggle"></div>
                </div><!-- .accordion-summary -->
                <div class="accordion-content" id="content-accordion-item-2" aria-labelledby="summary-accordion-item-2" >
                    <div >
						<p>This award acknowledges a corporation that is a leader in Canada that enhances 2SLGBTQI+ Business and supports the 2SLGBTQI+ community through commitment, activities and visibility. Winners of this award exemplify excellence and are anchors of the Canadian business ecosystem.</p>
                    </div>

                                    </div><!-- .accordion-content -->
            </div><!-- .accordion-details -->

														
            
            <div class="accordion-details accordion-item-3" data-open="false" >
                <div class="accordion-summary" id="summary-accordion-item-3" aria-controls="content-accordion-item-3" aria-expanded="false" tabindex="0">
                    <div class="accordion-title" >2026 2SLGBTQI+ Business of the Year </div>
                    <div class="accordion-toggle"></div>
                </div><!-- .accordion-summary -->
                <div class="accordion-content" id="content-accordion-item-3" aria-labelledby="summary-accordion-item-3" >
                    <div >
						<p>This award celebrates a business that is owned, operated and controlled, by a 2SLGBTQI+ individual(s) that has made a significant economic impact on the local/regional/national community, while making contributions to the 2SLGBTQI+ community in Canada.</p>
                    </div>

                                    </div><!-- .accordion-content -->
            </div><!-- .accordion-details -->

														
            
            <div class="accordion-details accordion-item-4" data-open="false" >
                <div class="accordion-summary" id="summary-accordion-item-4" aria-controls="content-accordion-item-4" aria-expanded="false" tabindex="0">
                    <div class="accordion-title" >2026 Young 2SLGBTQI+ Entrepreneur of the Year </div>
                    <div class="accordion-toggle"></div>
                </div><!-- .accordion-summary -->
                <div class="accordion-content" id="content-accordion-item-4" aria-labelledby="summary-accordion-item-4" >
                    <div >
						<p>This award recognizes outstanding achievement by a 2SLGBTQI+ young entrepreneur. The award is given to an individual who best exemplifies the qualities of effective leadership and innovative thinking, demonstrates growth potential, shows a high level of social, cultural, and environmental awareness, and has demonstrated commitment to both the 2SLGBTQI+ community and beyond.</p>
                    </div>

                                    </div><!-- .accordion-content -->
            </div><!-- .accordion-details -->

														
            
            <div class="accordion-details accordion-item-5" data-open="false" >
                <div class="accordion-summary" id="summary-accordion-item-5" aria-controls="content-accordion-item-5" aria-expanded="false" tabindex="0">
                    <div class="accordion-title" >2026 2SLGBTQI+  Community Impact Award  </div>
                    <div class="accordion-toggle"></div>
                </div><!-- .accordion-summary -->
                <div class="accordion-content" id="content-accordion-item-5" aria-labelledby="summary-accordion-item-5" >
                    <div >
						<p>The 2SLGBTQI+ Community Impact Award celebrates outstanding contributions by an individual, organization, or business that has made a significant and positive impact on the 2SLGBTQI+ community. This award recognizes efforts in promoting inclusivity, advocating for the community, and enhancing the well-being of 2SLGBTQI+ individuals through innovative programs, policies, and/or initiatives.</p>
                    </div>

                                    </div><!-- .accordion-content -->
            </div><!-- .accordion-details -->

														
            
            <div class="accordion-details accordion-item-6" data-open="false" >
                <div class="accordion-summary" id="summary-accordion-item-6" aria-controls="content-accordion-item-6" aria-expanded="false" tabindex="0">
                    <div class="accordion-title" >2026 CQCC Rainbow Registered Prism Award </div>
                    <div class="accordion-toggle"></div>
                </div><!-- .accordion-summary -->
                <div class="accordion-content" id="content-accordion-item-6" aria-labelledby="summary-accordion-item-6" >
                    <div >
						<p>This award recognizes a Rainbow Registered organization that has demonstrated outstanding commitment to creating welcoming and inclusive environments for 2SLGBTQI+ individuals. The recipient has shown leadership in embedding diversity, equity, and inclusion into their workplace culture, client experience, community engagement, and operational practices. This organization goes beyond compliance, becoming a visible champion of 2SLGBTQI+ inclusion within their industry and community.</p>
                    </div>

                                    </div><!-- .accordion-content -->
            </div><!-- .accordion-details -->

						
</div><!-- .accordion-stack -->



<p class="wp-block-paragraph">Si vous avez des questions ou des commentaires concernant les prix, veuillez contacter <a href="mailto:office@queerchamber.ca" target="_blank" rel="noreferrer noopener">office@queerchamber.ca</a>.</p>



<p class="wp-block-paragraph">Les précédents lauréat.e.s de nos Prix se trouvent sur notre <a href="https://queerchamber.ca/business-leadership-wall-of-fame/">Mur de la renommée du leadership d’entreprise</a>.</p>



<div style="height:100px" aria-hidden="true" class="wp-block-spacer"></div>



<p class="wp-block-paragraph"></p>

<p>Les nominations pour les CQCC 2SLGBTQI+ Business Leadership Awards 2026 sont ouvertes. Ces prix revêtent une grande importance car ils célèbrent des personnes et des entreprises exceptionnelles ayant joué un rôle particulier dans la croissance économique au sein de la communauté 2SLGBTQI+ au Canada. Ils honorent ceux qui ont créé des changements positifs et favorisé un environnement d’affaires florissant. La date limite de nomination est le 14 octobre 2026. Les finalistes seront sélectionnés d’ici le 21 octobre 2026 et seront invités au 11e gala annuel noir et blanc de la CQCC le 13 novembre 2026, où les gagnants seront annoncés ! Les informations pour chaque catégorie de prix sont disponibles ci-dessous. [&amp;hellip;]</p>
